
Let q(m) = 16*m**2 + 6*m + 2. Let h be q(5). Let p be 19 - -2 - 90/(-12)*2/(-3). Calculate the highest common factor of p and h.
16
Let o(h) be the third derivative of -h**5/60 + h**4/3 + h**3/6 - 5*h**2. Let a = -150 - -154. Let d be o(a). Calculate the greatest common factor of d and 187.
17
Suppose 15 = 5*g + 5*f, -f + 14 + 13 = 4*g. Let q(z) = 19*z**2 - z + 4. Let w be q(7). What is the greatest common factor of w and g?
8
Suppose 3*o - 5*b = -11, 0 = -o + 2*b + 1 - 6. Suppose o*q + 551 = 3*i + 77, 0 = -4*i + q + 623. Calculate the greatest common divisor of 5 and i.
5
Let z = 5936 + -5783. What is the greatest common factor of z and 2091?
51
Let v be (4/3)/((-6)/(-9)). Suppose 318 = -1491*r + 1497*r. Suppose p + 3*l - r = 0, 0*p - 4*p - v*l + 182 = 0. What is the highest common factor of 176 and p?
44
Suppose 7*t = 5*g - 20198, 5755 + 10407 = 4*g - 5*t. What is the greatest common divisor of 161 and g?
23
Suppose 4*y + 5*q + 271 = 0, 4*y = 2*q - 0*q - 278. Let j be ((-184)/y)/((-4)/6). Let c be (49 + j - 4) + -2. What is the highest common factor of c and 3?
3
Let j = 312 - 309. Let h be -22 + 30 + (j - -101). What is the highest common factor of 32 and h?
16
Suppose -2*w + 137 = 4*p - 193, -p = 5*w - 852. What is the highest common divisor of w and 6764?
19
Suppose 0 = -137*u + 188*u - 918. What is the highest common divisor of 1062 and u?
18
Let o be 8 + -4 + 3 + 7. Suppose -3*q + q = 5*z - o, -3*z = 3*q - 3. What is the highest common divisor of 268 and z?
4
Let z = -18090 - -23931. What is the greatest common divisor of z and 177?
177
Suppose 0 = 4*w + 24, 10*s + w = 8*s + 24. What is the highest common factor of s and 21975?
15
Let l(u) be the first derivative of -u**3/3 + 3*u**2 + 3*u + 93. Let d be l(5). What is the greatest common factor of 32 and d?
8
Let c = -69903 - -70092. Let i be (-1)/2*-9*18. Calculate the highest common factor of c and i.
27
Let d = 336 + -165. Let x = -6 + 106. Suppose 7*n = -x + 233. What is the highest common divisor of n and d?
19
Let u be (-15885)/60 + (3 - 1)/(-8). Let v = u - -274. What is the greatest common factor of 99 and v?
9
Let b = -594 + 612. Let o be 17752/b + (-5)/90*4. What is the greatest common divisor of o and 17?
17
Let p = -160 + 284. Let c = p - 32. Calculate the greatest common factor of 23 and c.
23
Let v(r) = 83*r - 1. Let t be v(2). Let q be (693/(-7))/(-28 + (9 - -18)). What is the greatest common divisor of t and q?
33
Let y be ((-1)/2)/((-10)/(-80)). Let i be (96/20 + y)/(2/45). Let p = -12 + 21. Calculate the highest common divisor of i and p.
9
Let l(b) = 2*b + 16*b**2 - 8*b**2 + 6 + 2*b**3 + 11*b**2 + 17*b + 26. Let w be l(-8). What is the highest common factor of w and 8?
8
Let o(u) = u**3 + 7*u**2 - u - 6. Let m be o(-7). Let g be -7*(-24)/56 - (1 - m). Suppose l + 10 = g*l. What is the highest common divisor of 15 and l?
5
Let b be (81 - 83)/(1/(-164)). What is the highest common factor of 416 and b?
8
Let d(v) = 2*v**3 - 7*v**2 + 9*v - 3. Let p be d(7). Let f(g) = 2735*g + 5501. Let s be f(-2). What is the greatest common factor of s and p?
31
Let h(j) = -5*j - 22. Let q be h(-10). Suppose -60 = -q*z + 24*z. Calculate the highest common divisor of 105 and z.
15
Let z = -460 + 725. Suppose -82*n = -81*n - z. What is the highest common divisor of n and 53?
53
Let p(o) = -1 - 126*o**2 + 65*o**2 - 5*o**3 + 64*o**2. Let b be p(-3). Calculate the highest common divisor of 23 and b.
23
Suppose u - 2*u + 4 = 0, -2*j = 5*u - 54. Let a be 3/(-2)*1530/(-135). Calculate the greatest common divisor of a and j.
17
Let g(p) be the third derivative of 7*p**5/12 - 7*p**4/24 + 5*p**3/6 + 55*p**2. Let d be g(1). What is the greatest common factor of d and 4?
1
Let d = 4198 + -4100. What is the highest common factor of 350 and d?
14
Let f(m) = m**3 + 5*m**2 - 3*m + 7. Let d be f(-5). Suppose 28*b - 939 = 433. Let c = b - d. Calculate the highest common divisor of 36 and c.
9
Let r(y) = 2*y. Let p be r(2). Suppose -3*d = -2*d - 180. Let m = 212 - d. Calculate the highest common factor of p and m.
4
Suppose -7*k + 10*k + 3*w - 300 = 0, -8*k = w - 800. What is the highest common factor of k and 4700?
100
Let r(i) = 5*i - 2. Let u be r(1). Suppose 4*z + 13 = -2*s + 3, u*s = 9. Let v be -1 + 10/((-20)/z). What is the greatest common factor of v and 3?
1
Let n(a) = -3*a + 2166. Let z be n(-63). Calculate the greatest common divisor of 3 and z.
3
Let v = -13 - -26. Let n = -35 - -32. Let t be (-182)/4*(1 + n). Calculate the highest common divisor of t and v.
13
Suppose -4*h - 8 = 0, 2*p - 118*h = -114*h + 170. Let s be (-100)/(-16) + 1/(-4). What is the greatest common factor of s and p?
3
Suppose 0 = -3*o + g + 907, -3*g + 1358 = 4*o + 127. Suppose 17*a - o + 49 = 0. What is the greatest common divisor of 255 and a?
15
Let r(h) be the first derivative of -15*h**2 + 273*h - 1. Let p be r(0). What is the greatest common factor of p and 7?
7
Let h = 1121 - -11494. What is the greatest common factor of 15 and h?
15
Let z(o) = o**2 + 3*o + 6. Let b be z(-2). Suppose 0 = -2*d + b*s - 9*s + 38, d - 3*s = 19. What is the highest common factor of 8 and d?
1
Suppose -439 = -8*h + 873. Let i = 232 - h. Calculate the greatest common divisor of 238 and i.
34
Suppose -18*y + 16*y = 16. Let i(t) = t + 1. Let l be i(y). Let j(b) = -b**2 - 11*b. Let u be j(l). Calculate the highest common factor of u and 308.
28
Let q = 13 + -17. Let r be (q/6)/((-32)/48). Let s(g) = 16*g. Let p be s(r). What is the highest common divisor of 112 and p?
16
Suppose -3*h + 1 = 10. Suppose c - 480 = -9*c. Let v be h/4*c/(-18). Calculate the highest common factor of 50 and v.
2
Let n(h) be the second derivative of h**5/4 + h**4/4 - 2*h**3/3 + 2*h**2 + 43*h. Let f be n(2). Calculate the greatest common divisor of f and 2.
2
Let n be 0 - 5 - (9 + (-180)/10). Suppose 2*s = n*m + 36, 2*s - 6*s + 80 = -4*m. Calculate the greatest common factor of s and 374.
22
Let i(n) = 55*n**3 + 6*n**2 - 10*n + 30. Let o be i(7). Suppose -27*j + o = 165. What is the greatest common divisor of 26 and j?
26
Let c be (-1*(-4)/3)/((-39519)/(-3591) + -11). What is the greatest common divisor of 3325 and c?
133
Let j = -450 + 652. Let c = 292 - j. What is the greatest common divisor of 36 and c?
18
Suppose -t + 56 = 3*t. Suppose -2 + 27 = -5*z - v, 0 = -4*z + 4*v - 20. Let a = t - z. Calculate the highest common divisor of 76 and a.
19
Suppose -37*b + 39*b + 40 = u, -3*b = -2*u + 84. Calculate the greatest common factor of u and 156.
12
Let y be (-3)/(9/12) + 2 + 4. Let u be 4 + y + 0 + 66. Calculate the highest common factor of u and 120.
24
Let j = -2332 + 4190. Calculate the highest common divisor of 2 and j.
2
Let y(n) = 3*n**3 - 14*n**2 + 19*n - 56. Let a be y(6). What is the greatest common divisor of a and 38?
2
Let t(h) = 53*h**2 - 11*h + 18. Let g(z) = 53*z**2 - 11*z + 16. Let u(w) = -4*g(w) + 5*t(w). Let s be u(2). What is the greatest common divisor of s and 27?
27
Let o be (-1)/(-3 - 2480/(-828)). Calculate the greatest common divisor of o and 115.
23
Let d = 458 + 379. Suppose -d = -5*v - 487. What is the greatest common divisor of 90 and v?
10
Let u = 40 + -24. Suppose u*c = 12*c + 2112. Suppose 0 = v - 7*v + c. What is the highest common factor of 22 and v?
22
Let r(f) = 1190*f + 180. Let w be r(3). What is the greatest common divisor of 150 and w?
150
Let f(p) = -5*p + 42. Let a be f(8). Suppose 0 = 3*z - o + 3 - 6, 2*z - 2*o = -a. Suppose -16*g = -17*g + z. What is the highest common divisor of 14 and g?
2
Let u be 11 - (-6 - -2 - -1). Suppose -4*z + 653 = -75. Calculate the greatest common factor of u and z.
14
Suppose 9*f = 48*f + 27*f - 924. Calculate the highest common divisor of f and 2471.
7
Suppose -5*h = -69*i + 65*i + 6389, 0 = -4*h - 4. Calculate the greatest common divisor of 252 and i.
84
Let s = -11 + 31. Let k(i) = i**2 - 61*i + 690. Let p be k(50). What is the greatest common factor of s and p?
20
Suppose -173 = -4*g + 3. Let o = -8055 + 8187. What is the highest common divisor of o and g?
44
Suppose 3*m - 532 = 164. Let k be 16/(-10) - 5754/(-2740) - (-114)/4. Calculate the highest common factor of k and m.
29
Let n = 2855 + -2813. Calculate the greatest common factor of 876 and n.
6
Let i(d) = 99*d**2 + 238*d + 1350. L